is 3 (base 6) in base 13?
3
Convert -44 (base 5) to base 12.
-20
What is -7 (base 13) in base 16?
-7
What is 2 (base 13) in base 10?
2
74 (base 9) to base 8
103
Convert -3 (base 10) to base 2.
-11
What is 222 (base 9) in base 16?
b6
What is 10 (base 14) in base 8?
16
-1 (base 10) to base 14
-1
Convert 0 (base 14) to base 12.
0
3 (base 13) to base 14
3
Convert -1 (base 6) to base 16.
-1
3 (base 7) to base 12
3
-11001 (base 3) to base 5
-414
What is -2 (base 3) in base 12?
-2
What is 100 (base 3) in base 6?
13
What is 15 (base 11) in base 14?
12
0 (base 10) to base 4
0
What is -2202 (base 3) in base 15?
-4e
What is 1 (base 7) in base 9?
1
Convert 1 (base 2) to base 10.
1
What is -c6 (base 16) in base 2?
-11000110
What is -2002 (base 3) in base 13?
-44
212 (base 4) to base 11
35
What is -11002 (base 3) in base 9?
-132
What is -123 (base 5) in base 14?
-2a
Convert -2 (base 12) to base 2.
-10
What is 500 (base 7) in base 13?
15b
-80 (base 11) to base 13
-6a
67 (base 9) to base 6
141
-53 (base 6) to base 13
-27
What is 3 (base 5) in base 13?
3
Convert 113 (base 6) to base 13.
36
225 (base 6) to base 2
1011001
-10 (base 11) to base 3
-102
What is 3 (base 4) in base 3?
10
Convert c (base 16) to base 6.
20
136 (base 9) to base 2
1110010
76 (base 14) to base 10
104
Convert 25 (base 14) to base 16.
21
Convert -12 (base 13) to base 12.
-13
What is 10 (base 3) in base 5?
3
-10 (base 5) to base 9
-5
Convert -5e (base 16) to base 2.
-1011110
Convert 321 (base 9) to base 6.
1114
Convert 3 (base 8) to base 11.
3
-500 (base 7) to base 12
-185
Convert 0 (base 3) to base 4.
0
What is 1 (base 9) in base 10?
1
What is 195 (base 10) in base 12?
143
21 (base 10) to base 9
23
What is b (base 15) in base 11?
10
Convert -6 (base 16) to base 9.
-6
Convert 17 (base 15) to base 10.
22
0 (base 5) to base 9
0
Convert 1011 (base 4) to base 8.
105
Convert 18 (base 9) to base 10.
17
Convert 31 (base 6) to base 11.
18
7 (base 13) to base 10
7
19 (base 11) to base 13
17
What is 22 (base 4) in base 16?
a
-1 (base 9) to base 2
-1
6 (base 9) to base 16
6
What is 11 (base 12) in base 13?
10
4e (base 15) to base 6
202
2 (base 5) to base 12
2
Convert -3 (base 12) to base 8.
-3
What is -3 (base 7) in base 12?
-3
-4 (base 10) to base 15
-4
Convert -156 (base 8) to base 3.
-11002
Convert 1 (base 7) to base 9.
1
What is -3 (base 5) in base 11?
-3
Convert -33 (base 4) to base 10.
-15
Convert -a1 (base 11) to base 12.
-93
Convert -10 (base 2) to base 14.
-2
8 (base 15) to base 11
8
Convert 1 (base 5) to base 13.
1
Convert -20 (base 3) to base 7.
-6
-51 (base 6) to base 2
-11111
-10 (base 8) to base 6
-12
What is 13 (base 14) in base 10?
17
101 (base 2) to base 7
5
What is 41 (base 16) in base 10?
65
-130 (base 8) to base 12
-74
Convert -3 (base 5) to base 6.
-3
Convert -5 (base 15) to base 8.
-5
Convert -4 (base 16) to base 11.
-4
What is 10 (base 4) in base 15?
4
Convert -1 (base 13) to base 14.
-1
Convert 100 (base 3) to base 7.
12
What is -3 (base 5) in base 11?
-3
2 (base 9) to base 8
2
What is -3 (base 14) in base 4?
-3
What is a0 (base 15) in base 6?
410
Convert -1 (base 6) to base 5.
-1
0 (base 12) to base 3
0
What is 49 (base 11) in base 12?
45
-5 (base 10) to base 6
-5
Convert 0 (base 5) to base 7.
0
Convert 1 (base 11) to base 13.
1
Convert 5 (base 15) to base 3.
12
Convert -1 (base 2) to base 10.
-1
What is -11010100 (base 2) in base 4?
-3110
Convert 3 (base 10) to base 6.
3
-3 (base 11) to base 9
-3
What is -20 (base 5) in base 12?
-a
What is 34 (base 9) in base 3?
1011
What is 28 (base 9) in base 6?
42
Convert 102 (base 3) to base 6.
15
12 (base 14) to base 8
20
What is 2 (base 9) in base 15?
2
What is -5 (base 11) in base 8?
-5
1 (base 9) to base 11
1
Convert -2d (base 14) to base 4.
-221
Convert -79 (base 15) to base 2.
-1110010
What is 2 (base 11) in base 9?
2
What is 6 (base 9) in base 3?
20
What is 223 (base 4) in base 5?
133
What is -12 (base 3) in base 9?
-5
Convert -8 (base 11) to base 12.
-8
-2 (base 5) to base 11
-2
Convert -10 (base 3) to base 11.
-3
-33 (base 14) to base 3
-1200
What is -130 (base 8) in base 10?
-88
What is 4c (base 16) in base 3?
2211
Convert -26 (base 16) to base 14.
-2a
What is 129 (base 13) in base 16?
cc
Convert -21221 (base 3) to base 7.
-424
1 (base 11) to base 7
1
Convert -233 (base 7) to base 16.
-7a
-121 (base 3) to base 7
-22
Convert 20 (base 3) to base 16.
6
Convert 13 (base 7) to base 16.
a
1 (base 10) to base 9
1
-35 (base 6) to base 12
-1b
Convert 2 (base 5) to base 4.
2
1 (base 6) to base 16
1
-2 (base 10) to base 9
-2
What is -7 (base 8) in base 2?
-111
Convert 4 (base 11) to base 4.
10
What is 1 (base 11) in base 9?
1
-1 (base 9) to base 13
-1
-13 (base 6) to base 13
-9
What is 1 (base 13) in base 11?
1
What is -10000 (base 2) in base 9?
-17
What is -20002 (base 3) in base 10?
-164
What is -12 (base 4) in base 5?
-11
1 (base 5) to base 8
1
Convert -1011 (base 4) to base 15.
-49
-222 (base 3) to base 5
-101
1 (base 7) to base 12
1
What is 1034 (base 5) in base 16?
90
200 (base 5) to base 2
110010
What is 100110 (base 2) in base 16?
26
Convert -1010111 (base 2) to base 8.
-127
Convert 6 (base 11) to base 4.
12
What is 4 (base 16) in base 6?
4
-8 (base 9) to base 2
-1000
Convert 368 (base 9) to base 10.
305
What is -24 (base 16) in base 13?
-2a
Convert 2f (base 16) to base 4.
233
-3b (base 15) to base 7
-110
Convert 25 (base 11) to base 3.
1000
-5 (base 11) to base 2
-101
Convert 2 (base 9) to base 5.
2
11 (base 3) to base 14
4
Convert 36 (base 13) to base 3.
1200
What is 23 (base 15) in base 3?
1020
-84 (base 16) to base 8
-204
53 (base 6) to base 14
25
Convert -4 (base 12) to base 6.
-4
What is 401 (base 8) in base 4?
10001
-15 (base 6) to base 7
-14
11 (base 3) to base 6
4
0 (base 16) to base 7
0
What is -10010 (base 2) in base 16?
-12
64 (base 13) to base 3
10001
Convert -1 (base 9) to base 11.
-1
What is 5 (base 12) in base 5?
10
Convert 12 (base 5) to base 15.
7
What is -1a (base 15) in base 14?
-1b
Convert -29 (base 12) to base 15.
-23
Convert 142 (base 8) to base 10.
98
What is -101 (base 2) in base 16?
-5
What is -10 (base 9) in base 12?
-9
What is 311 (base 6) in base 3?
11021
What is -8c (base 15) in base 9?
-156
-100100 (base 2) to base 5
-121
-402 (base 5) to base 4
-1212
1 (base 5) to base 12
1
What is 1 (base 14) in base 2?
1
Convert 3b (base 12) to base 5.
142
What is -3320 (base 4) in base 3?
-100012
Convert 19 (base 14) to base 15.
18
What is 73 (base 9) in base 7?
123
What is -21 (base 14) in base 13?
-23
Convert -115 (base 6) to base 15.
-32
-1 (base 9) to base 11
-1
-21 (base 6) to base 7
-16
Convert 122 (base 4) to base 13.
20
Convert 3 (base 9) to base 11.
3
32 (base 4) to base 3
112
What is 0 (base 11) in base 15?
0
What is 12 (base 10) in base 2?
1100
24 (base 5) to base 15
e
-11 (base 15) to base 8
-20
-112 (base 11) to base 16
-86
-3022 (base 4) to base 6
-534
-26 (base 8) to base 2
-10110
-27 (base 10) to base 15
-1c
-36 (base 8) to base 11
-28
Convert -11 (base 6) to base 4.
-13
Convert -7 (base 9) to base 4.
-13
d (base 16) to base 10
13
3 (base 14) to base 7
3
110010 (base 2) to base 15
35
12 (base 4) to base 11
6
What is 3 (base 5) in base 16?
3
Convert 16 (base 8) to base 6.
22
What is 1210 (base 3) in base 2?
110000
What is 2 (base 12) in base 5?
2
49 (base 16) to base 7
133
-6b (base 13) to base 5
-324
0 (base 4) to base 3
0
Convert -41 (base 11) to base 15.
-30
10 (base 3) to base 4
3
103 (base 4) to base 12
17
Convert -101 (base 12) to base 16.
-91
122 (base 6) to base 15
35
-100 (base 5) to base 4
-121
Convert 1 (base 15) to base 11.
1
Convert 27 (base 10) to base 12.
23
Convert -7 (base 16) to base 6.
-11
Convert -11 (base 8) to base 2.
-1001
20 (base 14) to base 2
11100
What is 14 (base 5) in base 6?
13
What is -56 (base 8) in base 7?
-64
1132 (base 4) to base 16
5e
What is -2111 (base 3) in base 9?
-74
What is -2122 (base 5) in base 9?
-348
-6 (base 8) to base 7
-6
What is 1000110 (base 2) in base 16?
46
What is -155 (base 8) in base 2?
-1101101
What is -255 (base 6) in base 2?
-1101011
30 (base 10) to base 4
132
-10 (base 7) to base 11
-7
31 (base 11) to base 14
26
What is 22 (base 8) in base 15?
13
b (base 12) to base 13
b
What is 22 (base 5) in base 10?
12
-4 (base 15) to base 5
-4
2143 